{"id":6,"date":"2021-02-23T07:50:55","date_gmt":"2021-02-23T07:50:55","guid":{"rendered":"https:\/\/awo-waescherei.de\/?page_id=6"},"modified":"2026-04-24T07:03:26","modified_gmt":"2026-04-24T07:03:26","slug":"ueber-uns","status":"publish","type":"page","link":"https:\/\/awo-waescherei.de\/","title":{"rendered":"\u00dcber uns"},"content":{"rendered":"\n<div class=\"wp-block-columns is-layout-flex wp-container-core-columns-is-layout-9d6595d7 wp-block-columns-is-layout-flex\">\n<div class=\"wp-block-column is-layout-flow wp-block-column-is-layout-flow\" style=\"flex-basis:80%\">\n<figure class=\"wp-block-gallery has-nested-images columns-4 is-cropped wp-block-gallery-1 is-layout-flex wp-block-gallery-is-layout-flex\">\n<figure class=\"wp-block-image size-large is-style-default\"><img loading=\"lazy\" decoding=\"async\" width=\"150\" height=\"150\" data-id=\"39\" src=\"https:\/\/awo-waescherei.de\/wp-content\/uploads\/2021\/02\/Guben-AWO-Ius-Eingang-150x150.jpg\" alt=\"\" class=\"wp-image-39\"\/><\/figure>\n\n\n\n<figure class=\"wp-block-image size-large\"><img loading=\"lazy\" decoding=\"async\" width=\"150\" height=\"150\" data-id=\"42\" src=\"https:\/\/awo-waescherei.de\/wp-content\/uploads\/2021\/02\/Guben-AWO-Ius-Waschmaschinen-150x150.jpg\" alt=\"\" class=\"wp-image-42\"\/><\/figure>\n\n\n\n<figure class=\"wp-block-image size-large\"><img loading=\"lazy\" decoding=\"async\" width=\"150\" height=\"150\" data-id=\"41\" src=\"https:\/\/awo-waescherei.de\/wp-content\/uploads\/2021\/02\/Guben-AWO-Ius-Waschmaschinen-2-150x150.jpg\" alt=\"\" class=\"wp-image-41\"\/><\/figure>\n\n\n\n<figure class=\"wp-block-image size-large\"><img loading=\"lazy\" decoding=\"async\" width=\"150\" height=\"150\" data-id=\"40\" src=\"https:\/\/awo-waescherei.de\/wp-content\/uploads\/2021\/02\/Guben-AWO-Ius-Mangel-150x150.jpg\" alt=\"\" class=\"wp-image-40\"\/><\/figure>\n<\/figure>\n<\/div>\n<\/div>\n\n\n\n<div class=\"wp-block-group\"><div class=\"wp-block-group__inner-container is-layout-flow wp-block-group-is-layout-flow\">\n<div class=\"wp-block-columns is-layout-flex wp-container-core-columns-is-layout-9d6595d7 wp-block-columns-is-layout-flex\">\n<div class=\"wp-block-column is-layout-flow wp-block-column-is-layout-flow\" style=\"flex-basis:100%\">\n<div class=\"wp-block-group\"><div class=\"wp-block-group__inner-container is-layout-flow wp-block-group-is-layout-flow\">\n<p>Unsere W\u00e4scherei besteht seit dem Jahr 1993 und ist im Jahr 2010 in die Tr\u00e4gerschaft des AWO Bezirksverband Brandenburg S\u00fcd e. V. \u00fcbergegangen. Als anerkanntes Inklusionsunternehmen schaffen wir Arbeitspl\u00e4tze f\u00fcr Menschen mit einer Beeintr\u00e4chtigung.<\/p>\n<\/div><\/div>\n<\/div>\n<\/div>\n<\/div><\/div>\n\n\n\n<hr class=\"wp-block-separator has-css-opacity\"\/>\n\n\n\n<p>Zusammen mit Fachkr\u00e4ften aus dem W\u00e4schereihandwerk, decken wir die vielf\u00e4ltigen Leistungen der W\u00e4scheversorgung ab. Dabei sehen wir unsere Aufgabe als Dienstleister nicht nur im Waschen von W\u00e4sche, sondern m\u00f6chten unseren Kunden auch als kompetenter Partner in allen Bereichen der textilen W\u00e4scheversorgung zur Seite stehen. <\/p>\n\n\n\n<p>Dank unserer langj\u00e4hrigen Erfahrung, geb\u00fcndelt mit kompetenten und gut geschulten Mitarbeiter*innen, sind wir in der Lage, die W\u00e4sche von mehr als 300 Kunden pro Monat zu bearbeiten und zu beliefern. <\/p>\n\n\n\n<div class=\"wp-block-group is-style-twentytwentyone-border\"><div class=\"wp-block-group__inner-container is-layout-flow wp-block-group-is-layout-flow\">\n<div class=\"wp-block-columns is-layout-flex wp-container-core-columns-is-layout-9d6595d7 wp-block-columns-is-layout-flex\">\n<div class=\"wp-block-column is-layout-flow wp-block-column-is-layout-flow\" style=\"flex-basis:50%\">\n<p class=\"has-extra-small-font-size\">Zu unseren Kunden geh\u00f6ren unter anderem:<\/p>\n<\/div>\n\n\n\n<div class=\"wp-block-column is-layout-flow wp-block-column-is-layout-flow\" style=\"flex-basis:50%\">\n<ul class=\"wp-block-list has-extra-small-font-size\">\n<li>Pflegeeinrichtungen, Seniorenzentren, Rehabilitationseinrichtungen sowie Krankenh\u00e4user<\/li>\n\n\n\n<li>Berufsbekleidung<\/li>\n\n\n\n<li>Hotel- und Gastronomie<\/li>\n\n\n\n<li>Apotheken sowie Arzt-\/Physiotherapiepraxen<\/li>\n<\/ul>\n<\/div>\n<\/div>\n<\/div><\/div>\n","protected":false},"excerpt":{"rendered":"<p>Unsere W\u00e4scherei besteht seit dem Jahr 1993 und ist im Jahr 2010 in die Tr\u00e4gerschaft des AWO Bezirksverband Brandenburg S\u00fcd e. V. \u00fcbergegangen. Als anerkanntes Inklusionsunternehmen schaffen wir Arbeitspl\u00e4tze f\u00fcr Menschen mit einer Beeintr\u00e4chtigung. Zusammen mit Fachkr\u00e4ften aus dem W\u00e4schereihandwerk, decken wir die vielf\u00e4ltigen Leistungen der W\u00e4scheversorgung ab. Dabei sehen wir unsere Aufgabe als Dienstleister [&hellip;]<\/p>\n","protected":false},"author":1,"featured_media":0,"parent":0,"menu_order":0,"comment_status":"closed","ping_status":"closed","template":"","meta":{"footnotes":""},"class_list":["post-6","page","type-page","status-publish","hentry","entry"],"_links":{"self":[{"href":"https:\/\/awo-waescherei.de\/index.php?rest_route=\/wp\/v2\/pages\/6","targetHints":{"allow":["GET"]}}],"collection":[{"href":"https:\/\/awo-waescherei.de\/index.php?rest_route=\/wp\/v2\/pages"}],"about":[{"href":"https:\/\/awo-waescherei.de\/index.php?rest_route=\/wp\/v2\/types\/page"}],"author":[{"embeddable":true,"href":"https:\/\/awo-waescherei.de\/index.php?rest_route=\/wp\/v2\/users\/1"}],"replies":[{"embeddable":true,"href":"https:\/\/awo-waescherei.de\/index.php?rest_route=%2Fwp%2Fv2%2Fcomments&post=6"}],"version-history":[{"count":16,"href":"https:\/\/awo-waescherei.de\/index.php?rest_route=\/wp\/v2\/pages\/6\/revisions"}],"predecessor-version":[{"id":186,"href":"https:\/\/awo-waescherei.de\/index.php?rest_route=\/wp\/v2\/pages\/6\/revisions\/186"}],"wp:attachment":[{"href":"https:\/\/awo-waescherei.de\/index.php?rest_route=%2Fwp%2Fv2%2Fmedia&parent=6"}],"curies":[{"name":"wp","href":"https:\/\/api.w.org\/{rel}","templated":true}]}}